*2 + 44*o + 1. What is the remainder when m(4) is divided by 29?
24
Let x = 338 + -327. What is the remainder when 35 is divided by x?
2
Let z be 24/(-96) - 159/4. Calculate the remainder when (z/15)/((-10)/495) is divided by 34.
30
Let a = 7 + 22. Suppose -15 = 3*u, 448 - 1328 = -5*z + 5*u. Calculate the remainder when z is divided by a.
26
Suppose 2*l = 5*l - 486. Suppose -s = s - l. Calculate the remainder when s is divided by 21.
18
Suppose 0 = -4*z - 2*z - 48. What is the remainder when 21 is divided by -4 + 6 + -2 + -2 - z?
3
Let y(a) = 4 + 2*a + a**3 + 16*a**2 - 3 - 3 + 12*a. Calculate the remainder when 64 is divided by y(-15).
12
Let o(w) = 9*w**2 - 30*w - 64. Calculate the remainder when 133 is divided by o(-3).
26
Suppose c = 3*a - 8, -2*a = a + 4*c - 13. Suppose -1 = a*t + 5, -t = q - 60. Let f = 65 - 44. Calculate the remainder when q is divided by f.
20
Let v = -2036 - -2043. Calculate the remainder when 21 is divided by v.
0
Let k be (-32)/((-6)/(-3))*-1. Suppose 5*v = -2*p + 226 - 63, -v + 28 = 5*p. Let q = v - k. Calculate the remainder when q is divided by 5.
2
Let q(w) = 32*w - 8. Let d be q(4). Suppose 3*i + 31 = -o, -2*i + 17 = 5*o + d. Let t = o - -30. Calculate the remainder when t is divided by 7.
4
Suppose -972 = 4*u - 13*u. What is the remainder when u is divided by (5*2/10)/((-1)/(-37))?
34
Let c(p) = p**2 - 14*p + 20. Calculate the remainder when c(14) is divided by 10.
0
Let t(l) = l**3 - 13*l**2 - 8*l - 28. What is the remainder when t(14) is divided by 15?
11
What is the remainder when (-1 + 26)*118/10 is divided by 35?
15
Suppose -15*t + 495 = -405. What is the remainder when 538 is divided by t?
58
Let x = 24 - 39. Suppose -11*l + 8*l + 25 = -5*u, 0 = 5*u + 2*l. What is the remainder when 64 is divided by 44*(x/(-6) + u)?
20
Suppose -344 = -4*s + 4*a, 5*a = 7*a + 6. What is the remainder when 414 is divided by s?
82
Let g be (1*-4 - 1) + 3 - 90. Let m = g - -102. Calculate the remainder when 38 is divided by m.
8
Suppose 3*c - 222 = -x, 3*c + 667 - 13 = 3*x. What is the remainder when x is divided by 11?
10
Let z be ((-2)/4 - (-1)/2) + -1. Calculate the remainder when (1 + -2)/(2/(-86)) is divided by 2/(-4) + 46/4 - z.
7
Let u(y) = -y**2 + 9*y - 5. Let o be u(8). Suppose 2*a = 4*f - 194, -f + 46 - 1 = o*a. Calculate the remainder when f is divided by 10.
8
Let j(q) = -q**3 + 11. Suppose 12 = -3*v + 3*u, 2 = v + 2*u - 6. Suppose -6795*y + 6799*y = 216. Calculate the remainder when y is divided by j(v).
10
Calculate the remainder when (-30)/(-4)*8/3 is divided by 51/7 - 4/14.
6
Suppose s - 5*w - 40 = -4*w, 2*w = 3*s - 117. Calculate the remainder when s is divided by 9.
1
Suppose 0 = n - 20 + 1. Suppose -2*i - 173 = -5*q + 2*i, -3*q + 3*i + 105 = 0. What is the remainder when 2 + 4/2 + q is divided by n?
18
Suppose 0 = z + 5*u - 7, -5*u - 2 = 18. Suppose 19*j + z = 20*j. What is the remainder when j is divided by (-1)/((-1)/11) + -1?
7
Let f = 19 + 2. Suppose 2*k - 28 = 4*n, -2*n + 7*n = 5*k - 50. Let z = k - -5. Calculate the remainder when f is divided by z.
10
What is the remainder when 1/(-11) + ((-14274)/(-33))/6 is divided by 19?
15
Let o(a) = 5*a**2 - 10*a - 12. What is the remainder when o(-3) is divided by 5?
3
Suppose 20 = 4*s, 2*s - 63 = -5*v + 97. Calculate the remainder when v is divided by 11.
8
Let d(u) = -u**3 - u**2 - 2*u - 2. Let r be d(-1). Suppose 2*y + r*i - 11 = 3*i, -27 = -4*y + 5*i. Calculate the remainder when 59 is divided by y.
7
Let r(i) = -6*i + 3. Let q(y) = -2*y + 53. What is the remainder when r(-5) is divided by q(22)?
6
Suppose -2*q - 197 = 49. Let a = q + 220. Calculate the remainder when a is divided by 25.
22
Suppose -59 = 13*p + 19. Calculate the remainder when 15 is divided by -2*(-5 - (p/(-1))/(-3)).
3
Calculate the remainder when 2549 is divided by (36/(-30))/(4341/870 - 5).
113
Suppose -r - o - 8 = 0, -4*r + 3*o + 0 = -3. Calculate the remainder when 30 is divided by 16/r*6/(-4).
6
Suppose g = 4*g + 6. Calculate the remainder when (-39)/(-26) - (155/2)/(-5) is divided by g/(-5) - (-28)/5.
5
Suppose -423 = x - 4*x. What is the remainder when x is divided by 60*(-1)/((-10)/8)?
45
Suppose -31*z - 55 = -36*z. What is the remainder when 238 is divided by z?
7
Let y(m) = -m**3 - 20*m**2 - 21*m - 19. Let h be (-6)/4*((-3040)/(-24))/10. What is the remainder when 71 is divided by y(h)?
14
Let q = 97 - -41. Let h = -76 + q. What is the remainder when h is divided by 21?
20
Suppose 0 = o + w - 2, -2*o = -3*w - 4. Suppose 51 = o*m + 13. Suppose -3 = -2*p + m. What is the remainder when 42 is divided by p?
9
Let k(l) = 54*l - 11. What is the remainder when k(2) is divided by 4/6*150/4?
22
Suppose -9*b - d + 102 = -7*b, 3*d + 233 = 5*b. Calculate the remainder when 831 is divided by b.
47
Let r(v) = 59*v - 897. Calculate the remainder when 133 is divided by r(16).
39
Suppose -51*v - 5*l - 29 = -52*v, -5*v + 191 = -2*l. Let t(r) = 1 - 10*r + 0 - 9*r. What is the remainder when v is divided by t(-1)?
19
Let m(g) = g**2 - 3*g + 19. Suppose 2*k + 8 = 2*y, -y + 1 = -3*y + 5*k. What is the remainder when m(y) is divided by 25?
22
Let i(v) = 13*v + 26. Let y be i(-10). Let x = -18 - y. Calculate the remainder when x is divided by 22.
20
Calculate the remainder when 213/(-1)*5/((-90)/12) is divided by 48.
46
Suppose w - 2*n = 2 + 7, 2*n + 21 = 5*w. Suppose -12 = -w*l - 36. Let j(s) = -s**2 - 8*s + 5. What is the remainder when j(l) is divided by 2?
1
Let w(f) be the first derivative of 5*f**3/3 - 5*f**2/2 + 3*f + 8. Calculate the remainder when 162 is divided by w(3).
30
Suppose m = 4*x - 64, 3*x + m = 2*m + 48. What is the remainder when 22 is divided by (x/(-3))/(4/(-6))?
6
Let u = -61 + 63. Suppose 4*s = -4*b + u*s + 280, -s + 2 = 0. What is the remainder when b is divided by 12?
9
Suppose u = j + 27, -4*u - 8*j + 7*j = -123. Calculate the remainder when 55 is divided by u.
25
Let o(s) = -s**2 + 6. Let x be o(0). Suppose 72 = -2*n + x*n. Let t = 2155 + -2150. What is the remainder when n is divided by t?
3
Suppose b - 3 + 23 = 0. Let m = 20 + b. Suppose 4*q + 29 - 208 = -5*v, m = -2*v + q + 82. What is the remainder when v is divided by 10?
9
Let d = 820 + -758. What is the remainder when 116 is divided by d?
54
Suppose -4*n + 6 = -3*n. Let m = 8 - n. Calculate the remainder when 4 is divided by m.
0
Suppose 147 = 2*v - 35. Suppose 2*i + v = 5*t, -3*i = 2*t - 34 - 10. Calculate the remainder when t is divided by 7.
5
Let l be (8/(-6))/((-2)/3). Suppose l*u - 24 = -u. What is the remainder when 12 is divided by u?
4
Let l(g) = 2*g**2 + 6*g - 8. Calculate the remainder when l(4) is divided by 17.
14
Suppose 0*z - 14 = -2*b - 2*z, -4*z + 22 = b. Suppose b*m + 117 = 5*i, 7 = 2*i - 4*m - 27. What is the remainder when 121 is divided by i?
21
Let q(l) = 5*l**2 + 6*l + 6. Let x(w) = -3*w**2 - 4*w - 4. Let a = 8 + 0. Let j(z) = a*x(z) + 5*q(z). What is the remainder when 21 is divided by j(4)?
3
Let r be ((-36)/14)/((-12)/84). Let s(p) = 3*p - 10. What is the remainder when s(16) is divided by (-8 - r)/(4/(-2))?
12
Let w = 323 - 273. Suppose 0*a + a + 6 = -4*j, -3*a + 6 = 0. Let s(f) = 4*f**2 - 2*f - 3. What is the remainder when w is divided by s(j)?
16
Suppose -t = -7*t + 150. What is the remainder when 299 is divided by t?
24
Let y(d) = 29*d + 56. What is the remainder when y(5) is divided by 103?
98
Suppose -5*r = -o - 11, -r + 7 = -5*o - 0. What is the remainder when (r/(-3))/(2/(-78)) is divided by 10?
6
Suppose -q - 4*q + 75 = 0. Calculate the remainder when 88/4 - (-1 + 5 + -6) is divided by q.
9
Suppose 4*m - 24 = -8. Suppose 3*p - m*f = 19 + 1, -2*p + 6 = f. Suppose -p*i + 45 - 9 = 0. What is the remainder when 25 is divided by i?
7
Suppose 11*s + 313 = 5*l + 7*s, -4*l + 2*s = -254. Calculate the remainder when 124 is divided by l.
59
Let k be (-5)/(10/(-4)) - -2. Suppose a - 5*l - 69 = -a, 2 = a + k*l. Calculate the remainder when a is divided by 15/(-30) + (-17)/(-2).
6
Let b = 157 + -58. Calculate the remainder when 192 is divided by b.
93
Suppose -5*t + 55 + 15 = 0. Let o(j) = -j**2 - 4*j + 14. Let q be o(-6). Suppose q*h = -0*h + 106. What is the remainder when h is divided by t?
11
Let k(r) = -r**3 + 25*r**2 - 28. Let h be k(25). Calculate the remainder when (1 - -1)/((-5)/(-2